posite number?
False
Let u be ((-1719)/27)/((-1)/81). Suppose u - 14409 = -4*p. Suppose -4*i - 328 + p = 3*d, 5*d = 2*i + 3265. Is d composite?
True
Suppose -5*x + 2*f - 4*f = -135443, 0 = 5*x - 4*f - 135419. Is x composite?
True
Let k(c) = -c**2 - 4*c + 3. Let t be k(-5). Let i be t/(4/(-10)) + -1. Suppose 883 = i*g + 119. Is g a composite number?
False
Is 15/(-40) - 44630/(-16) a prime number?
True
Let z be (-2)/(-1 - (-67)/69). Let w be 3 + -1 + z/(-3). Let j = w + 60. Is j composite?
True
Suppose 32495 = -2*p + 5*p + v, 0 = 4*p - 5*v - 43314. Is p prime?
True
Let t(i) = 6*i**2 + 32*i + 17. Let x(n) = n**3 - 2*n**2 - n. Let w be x(-2). Is t(w) a prime number?
False
Let z(h) = 49*h - 32. Let r(q) = -99*q + 64. Let o(f) = 6*r(f) + 11*z(f). Is o(-27) composite?
True
Let r(i) = 336*i**2 - 11*i - 38. Is r(-3) prime?
True
Let v = 7167 - -6856. Is v a composite number?
True
Let c = 414 - -528. Let q = c - -1521. Is q a composite number?
True
Suppose 4*g - 34 - 90 = 0. Suppose -3*z + 448 = g. Is z prime?
True
Suppose 5*c + 74 = 3*d - 13, 4*d - c - 99 = 0. Suppose 2*r - 4*r - 2*h = -46, r - d = -2*h. Let w = r + -18. Is w prime?
False
Let v(m) = -30*m - 9. Suppose 0 = -f - 4*q - q + 4, -4*f - 3*q = -84. Suppose -3*g - 3*j - f = 0, 0*j - 5*j = -4*g - 77. Is v(g) a prime number?
False
Let u(j) = j - 19. Let c be u(17). Is (-1841 - c)*-1 - (9 - 11) a composite number?
True
Suppose i - 2 - 5 = 3*a, -5*a + 15 = 5*i. Let x(y) = -y**3 + 5*y**2 + 6*y + 2. Let o be x(-5). Is o/i*(-8)/(-12) a composite number?
False
Let b(m) = 23*m**3 + 4*m**2 + 2*m - 1. Suppose q - 5 = -s, 2*q - 3*s + 0*s = 5. Is b(q) prime?
True
Suppose 6*g = 380 - 1460. Suppose 0 = 2*s - 10, 2254 = 4*j + 2*s - 0*s. Let v = g + j. Is v a composite number?
True
Suppose 9*p - 4*p + 430 = 0. Let y be -3 - p/(3 + -1). Suppose -3*d + 17 + y = 0. Is d a prime number?
True
Let h(z) = z**2 + 5*z - 3. Let r be h(-9). Suppose -r = 5*m - 8*m. Is m a composite number?
False
Let l = 3165 + -1012. Is l a composite number?
False
Let h(r) = -3*r - 25. Let p be h(-10). Suppose 0 = p*d + 3*d - 1304. Is d a prime number?
True
Suppose 2 = r - 4. Suppose 6*y + 4*t = 3*y + 2, -y + r = -4*t. Suppose -7*m = y*m - 3879. Is m a prime number?
True
Let w(l) = 230*l**2 + 22*l + 123. Is w(11) prime?
False
Let c = 80 - 77. Suppose d + 4*j - 941 = 0, -6*d = -4*d + c*j - 1897. Is d prime?
True
Suppose -4*z + 2*n + 4176 = 0, z = 3*z - 4*n - 2100. Suppose -q = -2*j + 1 - 3, 5*q - 5*j = 0. Is z*(-2)/8*q composite?
False
Let x(g) = 3*g**2 - 2*g + 3. Let d be x(1). Suppose u = -2*f - 346 + 1180, -d*u = -3*f + 1273. Is f a composite number?
False
Is 63/21 - ((-2 - 960) + 0) a composite number?
True
Let z = 67 + -63. Is (-14133)/(-28)*z/3 prime?
True
Let p(x) = 17*x**2 - 13*x + 19. Suppose -3*v = 3*h - 4*v - 15, 2*v = 3*h - 15. Is p(h) a composite number?
False
Let w(n) = -111*n - 2. Suppose 4*l + 4 = -8. Is w(l) a composite number?
False
Suppose -2*n = -h + 2483, -2*h + 4*h - 4960 = n. Is h a prime number?
False
Let t(m) = m**2 + 45*m - 1. Is t(18) composite?
True
Let w(m) be the third derivative of 43*m**6/120 - m**5/20 + 7*m**4/24 - 2*m**3/3 - 26*m**2. Is w(3) prime?
True
Suppose -4*p = -5*h + 459, -6*p = -2*p - 2*h + 474. Let g = -88 - p. Is g a prime number?
False
Let p be 0 - (3 - 5) - -55. Suppose -1 = -t + 2*f + 13, -3*t + 4*f + 32 = 0. Suppose -p = q - t*q. Is q a prime number?
True
Let k(s) = 85*s**2 + 3*s + 7. Is k(-7) composite?
True
Suppose -9420 = -0*h - 5*h. Let g = h - 1135. Is g a prime number?
False
Suppose 2*z - 2*r = 26, -14 - 4 = -3*z - 4*r. Suppose -5*p + 28 = -2*i + 10, 3*i = -p - z. Suppose 2*d = -3*d - a + 817, -5*d = -p*a - 811. Is d a prime number?
True
Let t = 271 + 4696. Is t a composite number?
False
Suppose 3 = 2*f + 9. Is (6 - 3 - -124)/(f/(-21)) a prime number?
False
Let f = -330 + 2511. Is f a prime number?
False
Let q be (-1*(-1668)/(-30))/((-1)/25). Is (q/(-15))/((-6)/63) prime?
False
Suppose -2*z + 0*z + 12 = 0. Suppose -z*i + 8 = -2*i. Suppose -5 = -i*n + 101. Is n a prime number?
True
Suppose -3*u + 636 = 3*g, 475 = 2*g + 3*u + 50. Let v be (-3)/(0 + 3) - -1. Suppose v = -4*m - 7 + g. Is m a prime number?
False
Let t(q) = 11*q. Let x be t(4). Let v be 8/x + (-2)/11. Suppose -2*r = -v*r - 170. Is r a prime number?
False
Suppose -q + 3*j + 2*j = -15, -11 = -q + j. Let u = q + -2. Suppose 0 = 2*g + 4*l - 118, 2*g - 86 - u = 2*l. Is g a composite number?
True
Suppose v = 1 + 1. Suppose -3467 = -2*s - 3*s - 3*q, -3*s - v*q + 2081 = 0. Is s a composite number?
False
Let s = 1066 + -176. Suppose 5*z = s + 355. Suppose 4*u - z = u. Is u prime?
True
Suppose -7*u - 26 = -9*u. Suppose 14*y = u*y + 1. Let h(m) = 43*m**3 - 2*m + 2. Is h(y) a prime number?
True
Suppose -5*o = -9 - 16. Let v = 3 - 10. Is (o - -1)*v/(-14) a prime number?
True
Let f = -9 + 3. Is 1/(((-1)/(-3))/((-2518)/f)) a prime number?
True
Suppose 346 = 6*p - 794. Let v = -189 + 88. Let b = v + p. Is b prime?
True
Suppose 16*j = -4135 + 61623. Is j prime?
True
Suppose 5*d + 12 = d. Is 591*((0 - d) + -2) a composite number?
True
Let y(k) = k**2 - 8*k + 9. Let n be y(6). Let z(a) = -10*a**3 - 2*a**2 - a + 4. Is z(n) composite?
True
Let q(j) = 0*j - 9*j - 1 + 3*j + j + 628*j**2. Is q(-2) a composite number?
False
Let l(h) = h**3 - h**2 - 4. Let r be l(0). Let f = 30 + -16. Is 3518/14 + r/f a composite number?
False
Suppose -6*g + 31966 = -79028. Is g prime?
False
Suppose -2077 - 8629 = -2*h. Is h a prime number?
False
Let i(z) = 87*z + 17. Suppose -20*t = -16*t - 72. Suppose -5*q = c - 47, 3*q - 2*c - 18 = t. Is i(q) a composite number?
False
Is (-12320)/(-3) - 134/201 a composite number?
True
Let p(y) be the first derivative of -53*y**4/4 - 2*y**3/3 - 2*y**2 - 2*y + 11. Is p(-2) composite?
True
Suppose -6*b - 3*b = -54. Let n(k) = 2*k**2 - 2*k - 13. Is n(b) prime?
True
Let w be (1 + 1)*(-2)/4. Suppose -c + 2 = -1. Is 8 + w + (-3)/c composite?
True
Let v = 39 + -33. Let i be (v/4)/((-2)/(-12)). Let o(d) = -d**3 + 12*d**2 - d - 11. Is o(i) composite?
False
Suppose -4*z + 17627 = -w, 0 = -0*z - z + w + 4409. Let h = -2863 + z. Is h a composite number?
False
Let v(f) = 16*f - 2*f + 0*f - 9. Let o(i) = i**2 + 2*i - 1. Let u be o(-5). Is v(u) composite?
True
Let v(i) = 6*i**2 + 17*i + 7. Let m = -5 - 7. Is v(m) a prime number?
False
Let s(h) = -h**3 + 7*h**2 - 6*h - 4. Let l be s(6). Suppose 28*k + 3695 = 33*k. Is l/22 - k/(-11) composite?
False
Suppose -2*s - 12 = -4*s. Suppose s*y - 341 = 11965. Is y composite?
True
Let r(q) = -8*q**3 + 8*q**2 + 11*q + 436. Let x(h) = -3*h**3 + 3*h**2 + 4*h + 145. Let g(n) = 4*r(n) - 11*x(n). Suppose 0*l = -4*l. Is g(l) prime?
True
Let d(x) = 1318*x - 233. Is d(14) prime?
False
Suppose -5*o - 530 = 5*s, -6*s + s = -3*o + 530. Suppose -5*h - 44 - 41 = 0. Let l = h - s. Is l a prime number?
True
Suppose 3115 + 5186 = 3*n. Is n prime?
True
Let w = 103 - 101. Is ((-12)/(-24))/(w/6088) a composite number?
True
Let r = -336 - -2095. Is r composite?
False
Is 248/217 + (-122805)/(-21) prime?
True
Let p be (56/(-21))/(1/(-15)). Suppose 8*n - 4*n + 3*y - 24 = 0, -2*y = -5*n + 30. Is n/(-4)*p/(-6) prime?
False
Suppose -3*g = -46*a + 43*a - 40122, g - 13359 = -2*a. Is g a composite number?
True
Let n(c) be the second derivative of -3*c - 1/2*c**2 + 15/4*c**4 + 0 + 0*c**3. Is n(4) composite?
False
Suppose -8*r = 1424 - 12672. Suppose u - r = -u. Is u composite?
True
Let c(w) = w**3 - 7*w**2 + 11*w + 5. Let i be c(5). Let v(l) = -l + 11*l**2 + 13*l**2 - i + 1. Is v(4) a prime number?
False
Let v be 1047/27 - 2/(-9). Let z be 2*v + -3 - 2. Let b = 204 - z. Is b a prime number?
True
Suppose 2 + 43 = 5*y. Suppose 2*x - y = l, -5*x - 3*l - 2*l = 15. Suppose -x*n + 15 = -51. Is n a prime number?
False
Suppose 2*q = -2*a + 10, 21 + 0 = 3*q + 5*a. Suppose q*t = -268 + 46. Let m = 194 + t. Is m prime?
True
Let x(h) = -3*h**2 + 5*h - 1. Let q be x(3). Is -9*q/1 + -2 a prime number?
False
Suppose 5199 = 18*u - 15*u. Is u composite?
False
Suppose -4*a + 2948 = -2*h, -98 = -4*a - 2*h + 2866. Is a composite?
False
Let k(g) = 5*g**2 + 10*g + 15. Suppose -3*l - 45 = -0*d + 3*d, 5*l + 45 = -2*d. Is k(d) a composite number?
True
Suppose -3*l = 3*v - 81, -l + 3*v = 2*l - 99. Suppose -l*o + 35*o - 215 = 0. Is o a prime number?
True
Let k